 53477 a composite number?
True
Is 110711 composite?
False
Is 90983 a composite number?
True
Is 13841 composite?
False
Is 38383 composite?
True
Is 28961 a prime number?
True
Is 221447 a composite number?
False
Is 64319 composite?
False
Is 21118 composite?
True
Is 16619 composite?
False
Is 49169 composite?
False
Is 46117 prime?
False
Is 2618585 a prime number?
False
Is 35377 composite?
True
Is 2903289 prime?
False
Is 16649 a composite number?
False
Is 1823 a prime number?
True
Is 22843 a composite number?
True
Is 187751 composite?
False
Is 60829 a composite number?
True
Is 1470101 composite?
True
Is 393 a composite number?
True
Is 5683 composite?
False
Is 744493 prime?
True
Is 87811 prime?
True
Is 7723 a composite number?
False
Is 968965 a prime number?
False
Is 1949 prime?
True
Is 5911 a composite number?
True
Is 5903 composite?
False
Is 11777 prime?
True
Is 2099 a prime number?
True
Is 2098 a prime number?
False
Is 3099497 composite?
False
Is 697 a composite number?
True
Is 10687 a composite number?
False
Is 42641 a composite number?
False
Is 142429 composite?
True
Is 18503 a prime number?
True
Is 8207 prime?
False
Is 1055671 prime?
True
Is 339 prime?
False
Is 1665997 prime?
True
Is 43957 prime?
False
Is 24758 a composite number?
True
Is 749641 a prime number?
True
Is 350195 a composite number?
True
Is 31307 a prime number?
True
Is 83693 composite?
True
Is 1792849 composite?
False
Is 16999 composite?
True
Is 56387 prime?
False
Is 5953 composite?
False
Is 67927 a prime number?
True
Is 67846 a composite number?
True
Is 102161 a prime number?
True
Is 1457321 composite?
False
Is 5147 a prime number?
True
Is 66883 prime?
True
Is 708641 a prime number?
True
Is 1416845 composite?
True
Is 25981 a prime number?
True
Is 1043 composite?
True
Is 17153 composite?
True
Is 388517 prime?
False
Is 752251 prime?
True
Is 53602 a composite number?
True
Is 12403 composite?
True
Is 1673 composite?
True
Is 86393 prime?
False
Is 228653 a prime number?
False
Is 194861 prime?
True
Is 137567 composite?
False
Is 176977 a composite number?
False
Is 1038277 a composite number?
True
Is 1969 composite?
True
Is 531857 a composite number?
False
Is 1399 prime?
True
Is 217559 composite?
False
Is 1042 prime?
False
Is 21653 prime?
False
Is 159667 composite?
False
Is 33701 a prime number?
False
Is 16033 a prime number?
True
Is 2449 a prime number?
False
Is 55786 composite?
True
Is 14165 prime?
False
Is 35201 composite?
False
Is 12811 a composite number?
True
Is 6238 a composite number?
True
Is 353 composite?
False
Is 86971 prime?
False
Is 20161 composite?
False
Is 26459 prime?
True
Is 235805 composite?
True
Is 118691 a prime number?
True
Is 10369 prime?
True
Is 3683 a prime number?
False
Is 3659 prime?
True
Is 6007 composite?
False
Is 5963 a composite number?
True
Is 376039 a prime number?
True
Is 3821 a composite number?
False
Is 36433 composite?
False
Is 64433 composite?
False
Is 138389 prime?
True
Is 128377 a composite number?
False
Is 619 prime?
True
Is 9665 a prime number?
False
Is 331 a prime number?
True
Is 1133 composite?
True
Is 36383 a prime number?
True
Is 8797 a composite number?
True
Is 68399 prime?
True
Is 200667 a prime number?
False
Is 188401 a prime number?
True
Is 371017 a prime number?
False
Is 230893 a prime number?
False
Is 33521 a prime number?
True
Is 14047 a composite number?
True
Is 182839 a composite number?
False
Is 79159 a composite number?
False
Is 579497 prime?
True
Is 20327 composite?
False
Is 8441 composite?
True
Is 10511 a prime number?
False
Is 781097 a composite number?
True
Is 865609 a composite number?
False
Is 128591 prime?
True
Is 52147 a composite number?
False
Is 81611 a composite number?
False
Is 20681 a composite number?
False
Is 937777 prime?
True
Is 7471 prime?
False
Is 1039 a composite number?
False
Is 55911 a prime number?
False
Is 78113 composite?
True
Is 5471 a prime number?
True
Is 238939 prime?
True
Is 1753 composite?
False
Is 272841 composite?
True
Is 4337 prime?
True
Is 321865 composite?
True
Is 43721 prime?
True
Is 863519 prime?
False
Is 13643 a composite number?
True
Is 36827 a composite number?
True
Is 1860947 prime?
False
Is 25247 a prime number?
True
Is 7867 a prime number?
True
Is 377 a prime number?
False
Is 1975301 composite?
False
Is 9173 prime?
True
Is 22949 a composite number?
True
Is 4241 composite?
False
Is 14281 prime?
True
Is 41833 a prime number?
False
Is 787 prime?
True
Is 156487 a prime number?
True
Is 929 prime?
True
Is 13637 a composite number?
True
Is 115337 a prime number?
True
Is 22121 composite?
True
Is 9689 a composite number?
False
Is 192461 composite?
False
Is 82829 a prime number?
False
Is 505139 composite?
False
Is 8683 a composite number?
True
Is 14783 a composite number?
False
Is 2291 a composite number?
True
Is 136985 a prime number?
False
Is 512007 a prime number?
False
Is 20954 a prime number?
False
Is 3173 composite?
True
Is 632449 a composite number?
True
Is 519577 prime?
True
Is 5779 composite?
False
Is 28969 a composite number?
True
Is 2083511 a composite number?
False
Is 392531 prime?
True
Is 63469 a prime number?
False
Is 3841 prime?
False
Is 2723 a composite number?
True
Is 638147 a prime number?
True
Is 47933 a prime number?
True
Is 8923 a composite number?
False
Is 4613 composite?
True
Is 1848901 a prime number?
False
Is 3076777 prime?
False
Is 25969 prime?
True
Is 2369 composite?
True
Is 9587 prime?
True
Is 41999 a composite number?
False
Is 107187 a composite number?
True
Is 1817 composite?
True
Is 133511 a composite number?
True
Is 238451 a composite number?
False
Is 2927 composite?
False
Is 63807 composite?
True
Is 29137 a prime number?
True
Is 14969 composite?
False
Is 27473 a composite number?
True
Is 13291 prime?
True
Is 87923 composite?
True
Is 147471 a composite number?
True
Is 440851 a composite number?
True
Is 2237 composite?
False
Is 18339 a prime number?
False
Is 6805 prime?
False
Is 62261 a prime number?
False
Is 9217 a prime number?
False
Is 2894 composite?
True
Is 405803 a composite number?
True
Is 103171 a prime number?
True
Is 149639 a composite number?
True
Is 76031 composite?
False
Is 149 composite?
False
Is 1641229 composite?
False
Is 127 prime?
True
Is 24503 a prime number?
False
Is 98951 a prime number?
False
Is 876719 a prime number?
True
Is 22409 composite?
False
Is 603137 a composite number?
True
Is 21059 a prime number?
True
Is 1543 a composite number?
False
Is 14242 a composite number?
True
Is 4931 a composite number?
False
Is 1861 composite?
False
Is 4343 prime?
False
Is 8545 a prime number?
False
Is 225143 composite?
False
Is 202799 prime?
True
Is 15859 a composite number?
False
Is 2378483 prime?
True
Is 13367 prime?
True
Is 2321 a prime number?
False
Is 641689 composite?
True
Is 249089 prime?
True
Is 2860115 a composite number?
True
Is 2003 a composite number?
False
Is 559177 a prime number?
True
Is 21785 prime?
False
Is 137273 composite?
False
Is 1160941 a prime number?
True
Is 69991 a prime number?
True
Is 17077 composite?
False
Is 39602 a composite number?
True
Is 5701 a composite number?
False
Is 256279 a composite number?
False
Is 3158945 a composite number?
True
Is 35827 composite?
True
Is 267493 prime?
True
Is 8947 a prime number?
False
Is 185585 a prime number?
False
Is 74523 a composite number?
True
Is 747419 a composite number?
True
Is 7583 a composite number?
False
Is 435397 a composite number?
False
Is 111263 prime?
True
Is 84913 prime?
True
Is 3271 composite?
False
Is 1273 a composite number?
True
Is 1430069 a prime number?
False
Is 28241 composite?
True
Is 42983 composite?
True
Is 2212138 a composite number?
True
Is 2741 prime?
True
Is 65197 a prime number?
False
Is 19249 composite?
False
Is 88103 prime?
False
Is 186569 prime?
True
Is 3143 composite?
True
Is 1107467 a prime number?
True
Is 41371 a prime number?
False
Is 145 a composite number?
True
Is 16753 a prime number?
False
Is 38903 prime?
True
Is 1135069 a prime number?
False
Is 2923 prime?
False
Is 87695 prime?
False
Is 391613 a composite number?
False
Is 209513 a prime number?
False
Is 4481 composite?
False
Is 11929 a prime number?
False
Is 4559 a composite number?
True
Is 7103 composite?
False
Is 68297 prime?
False
Is 1387937 composite?
True
Is 953 a prime number?
True
Is 763153